factors of h?
3, 5
Suppose 0 = l + 4*a - 5792, a - 17919 - 5234 = -4*l. What are the prime factors of l?
2, 1447
Suppose 0 = -6*c + 473 + 655. Suppose n + 19*p = 23*p + c, 191 = n - 3*p. What are the prime factors of n?
2, 5
Suppose 5*s - 4*r = 10, 3*r - r + 2 = 2*s. List the prime factors of -2 + 10/s - (-13840)/30.
461
Suppose -3*u + 4011 = 5*v, -u = 4*v - 3240 + 27. Let c = 1244 - v. What are the prime factors of c?
2, 5, 11
Let x be 23 - ((-4)/16 + 3/(-4)). Let h = x + -13. Suppose k = h + 91. What are the prime factors of k?
2, 3, 17
Let l(z) = -8*z - 1. Let p be (16 + 1)/(4/16). Let a be (-782)/p + (-2)/(-4). List the prime factors of l(a).
3, 29
Let p(l) = -l**2 + 32*l - 201. Let s be p(33). Let g = -951 - -589. Let n = s - g. What are the prime factors of n?
2
Let i = -19673 + 51190. List the prime factors of i.
31517
Suppose -13*r - 1636 = h - 9*r, 0 = -2*h + 2*r - 3312. Let n = 3155 + h. List the prime factors of n.
3, 167
Let j = -5427 + 14434. What are the prime factors of j?
9007
Let r = 17653 - 13492. What are the prime factors of r?
3, 19, 73
Let i be -1 - -1 - (-1 + -44). Suppose 0 = 3*n + 5*g - 41, 23*n - 28*n = g - 61. List the prime factors of (n/i - 3/(-9))*95.
3, 19
Let a = -6 + 7. Let q(v) = 6*v - 16 + 23*v**3 - v**2 - 22*v**3 + a. What are the prime factors of q(6)?
3, 67
Let u = 73462 + -42764. What are the prime factors of u?
2, 15349
Suppose 2*f - 3 + 1 = -2*k, -3*f + 9 = -3*k. Let q(m) = -127*m**2 + 7 - 124*m**2 + 256*m**f. What are the prime factors of q(5)?
2, 3, 11
Let f be 2903 - -2*(-18)/(-12). Suppose 7894 + f = 9*b. What are the prime factors of b?
2, 3, 5
Let f(n) = -48*n + 129. Let z be f(3). List the prime factors of 4/30*-3 + (-10491)/z.
3, 233
Let z be 10 - ((-113)/(-23) - 8/(-92)). Suppose 2*u + 4*i - 11 - 555 = 0, z*u - 1428 = 3*i. What are the prime factors of u?
3, 5, 19
List the prime factors of ((-12)/(-10))/(226/565) - (-2 - 23572).
3, 29, 271
Let j be (5 + (3 - 5))/1. Suppose j*u - 1930 = -5*y, 0*y - 2*u = -3*y + 1139. List the prime factors of y.
383
List the prime factors of (-648)/72 + 549/1.
2, 3, 5
Let y(m) = 3*m**3 + 7*m**2 + 6*m. Let b(j) = -j**2 - j. Let q(a) = -6*b(a) - y(a). Let o be q(-1). List the prime factors of -19*((-2 - 1) + o).
19
Let k = 231 + -223. Suppose 4*c - 3*h - 77 = -6*h, 3*c + h = 54. Let q = c - k. What are the prime factors of q?
3
Let h be 38 + (-2)/(2*(-3)/12). Let c = 1 + h. List the prime factors of c.
43
Suppose 4 - 34 = -3*a. Suppose -5*s = 2*k + 40, -k + 0*s + 2 = -3*s. List the prime factors of 116/a + (16/k - -2).
2, 3
Suppose 9*f - 1827 = -0*f. Let w = -50 + f. List the prime factors of w.
3, 17
Let w(q) be the first derivative of -q**4/4 - q**3 + 4*q**2 + 8*q - 49. Let z be w(-4). Let s(l) = l**2 - 11*l - 24. What are the prime factors of s(z)?
2
Suppose -37 = 34*f + 65. List the prime factors of (5 - (-18)/f)*-1114*1.
2, 557
Let l be 6*(-4)/(-36) - (-12940)/(-15). Let q = 1287 + l. List the prime factors of q.
5, 17
Let f = 3456 - -5789. List the prime factors of f.
5, 43
Let n = 187 - -584. Suppose -5*h + 2*s + n = -773, 3*h - 933 = -s. Suppose h = 3*z - 32. List the prime factors of z.
2, 3, 19
Let i(z) = -4*z**3 - 25*z**2 - 44*z + 6. What are the prime factors of i(-10)?
2, 7, 139
Suppose 2*x + 4*z - 488 = 730, -4*x = -z - 2463. Let h = -372 + x. List the prime factors of h.
3
Let z be -3*((-8800)/(-12) + -1). Let r = 3812 + z. List the prime factors of r.
5, 17, 19
Suppose -p + 18 = 5*s + 5, -5*s - 11 = 3*p. Let t(g) = -20*g - 125. List the prime factors of t(p).
5, 23
Let r(k) = k**3 - 4*k**2 + 2*k + 2825. List the prime factors of r(0).
5, 113
Let x(u) = -2*u**3 + 8*u**2 - 10*u - 8. Let p be x(6). Let h(i) = -29*i**2 - i - 2. Let z be h(2). Let n = z - p. What are the prime factors of n?
2, 23
Let q = 16279 - 11527. What are the prime factors of q?
2, 3, 11
Suppose -3*f = -r - 6*f - 113, -331 = 3*r + 5*f. Let c = r - -149. What are the prime factors of c?
2, 3, 7
Let i(b) = 2*b**3 + b - 3. Let p be i(2). What are the prime factors of (2 - 50/p)*-33?
2, 11
Suppose -25*v + 28*v + 6 = 0. Let j be v - (4 - 14) - (-4)/(-1). Suppose j*n + 160 = -4*k + 544, -5*n = -2*k + 220. List the prime factors of k.
2, 5
Suppose 2*o + 15*o + 17*o = 0. Let r(i) be the first derivative of i**4/4 + 2*i**3/3 + i**2/2 + 109*i + 2. List the prime factors of r(o).
109
Let w(a) = -a**2 + 3*a + 4. Let i be w(3). Suppose -o - y + 2575 = 3*o, -i*y - 4 = 0. What are the prime factors of o?
2, 7, 23
Let m(w) = -w**3 + 11*w**2 - w + 23. Let f be m(11). Suppose 0 = -15*b + f*b + 1170. List the prime factors of b.
2, 3, 5, 13
Let l(c) be the second derivative of c**4/12 - 55*c**3/6 + 2*c**2 + 86*c. List the prime factors of l(-6).
2, 5, 37
List the prime factors of 21663 + (-7)/(45/18*10/(-25)).
2, 5, 11, 197
Suppose 0 = 11*t - 4051 + 872. Let d = t - -163. What are the prime factors of d?
2, 113
Let g be ((42/49)/(2/(-4228)))/(-1). Let a = g + -1149. What are the prime factors of a?
3, 13, 17
Suppose -12*q + 199995 = 15483. What are the prime factors of q?
2, 31
Let i(z) = -29*z + 6. Let q be ((-20)/(-8))/((-3)/(-18)). Suppose -9 = -2*o - q. What are the prime factors of i(o)?
3, 31
Let a(c) = c**2 + 126*c - 3275. List the prime factors of a(42).
19, 199
Suppose -3039731 = -142*y - 1172710 + 835381. What are the prime factors of y?
19031
Suppose 285*m - 37965 = 282*m - o, 0 = -5*m + 2*o + 63286. What are the prime factors of m?
2, 7, 113
Let u(i) = 84*i + 121. What are the prime factors of u(96)?
5, 1637
Suppose 4*h = 5*c - 22082, -4*c - 37*h = -36*h - 17674. List the prime factors of c.
2, 47
Let q(p) = -4*p**3 + 4*p**2 - 4*p - 1. Let i be q(4). Let n = i + 72. Let w = n + 249. What are the prime factors of w?
2, 7
Let z(g) = -18*g**2 - 7*g + 14. Let o be z(2). Let a(m) = 158*m**2 + m. Let h be a(-1). Let t = o + h. What are the prime factors of t?
5, 17
Let n = -45 - -52. Suppose 10 - 31 = -n*x. Suppose -20 = -x*o + 406. What are the prime factors of o?
2, 71
Let o(v) be the third derivative of 13*v**2 + 1/120*v**6 + 1/5*v**5 + 11/24*v**4 + 3/2*v**3 + 0 + 0*v. What are the prime factors of o(-10)?
3, 11
Let o(p) = -39*p**2 - 33*p**2 + 71*p**2 - p. Let j(d) = -6*d**2 + 21*d - 20. Let h(z) = j(z) - 5*o(z). List the prime factors of h(10).
2, 5, 7
Let r(n) = -8*n + 61. Let b be r(27). Let j = 222 + b. What are the prime factors of j?
67
Suppose 0 = -5*k - v + 13778, -v = 6*k - 11*k + 13792. What are the prime factors of k?
3, 919
Suppose -5*c = -108*l + 111*l - 53001, 0 = c + 4*l - 10607. What are the prime factors of c?
3, 3533
Let y(g) = -g**2 - 9*g - 15. Let b be y(-7). Let n(i) be the second derivative of 59*i**4/12 + i**2/2 - 9*i. List the prime factors of n(b).
2, 3, 5
Suppose 5*l - u + 0*u = 210, 2*l - 92 = 2*u. Suppose -s + l = 22. List the prime factors of s.
19
Let t = 39 - 93. Let q be -1 + t/(-13) - 42/273. Suppose -q*w + 588 = 3*k, 4*k + 6 = -10. What are the prime factors of w?
2, 5
Suppose -4*m = -0*j + j, -5*j = -3*m. Suppose -4*r + 79 + 1989 = c, 3*r - 3*c - 1536 = m. List the prime factors of r.
2, 3, 43
Let s(c) = -c**3 - 2*c**2 + 424*c + 18. What are the prime factors of s(-24)?
2, 3, 419
Let h(f) = -61*f + 119. Let b be h(2). List the prime factors of ((-30175)/(-213))/((-1)/b).
5, 17
Let l(f) be the second derivative of 1/3*f**3 + 1/2*f**4 + 0 + 2*f**2 + 1/20*f**5 + 15*f. List the prime factors of l(-4).
2, 7
Let p(c) be the third derivative of -c**6/120 + 2*c**5/5 + 7*c**4/6 + 32*c**3/3 + 127*c**2. What are the prime factors of p(23)?
1237
Let l(s) = 544*s + 3269. Let o be l(-6). Let r be ((-8)/(-6))/((-2)/(-6)). Suppose -o*g = -2*p + 373, r*p + 6*g = g + 731. List the prime factors of p.
2, 23
Let z(q) = -q - 9. Let w be z(-7). Let m be ((-15)/(-10))/(w*(-2)/(-168)). Let s = 0 - m. What are the prime factors of s?
3, 7
Let v be (-784)/(-98) + (2*6)/(-2). What are the prime factors of v/26 - (-7487)/13?
2, 3
Suppose 24927 = 3*n + 5*g - 15820, g = -3*n + 40739. What are the prime factors of n?
37, 367
Let m(j) = 3559*j + 3483. What are the prime factors of m(7)?
2, 31, 229
Let i = 273 - 269. Suppose 2*d = 5*n + 2976, -3*d + 2517 = i*n - 1924. List the prime factors of d.
1483
Suppose 2*x - 291 - 169 = 0. Let c = -30 + 90. Let u = x - c. List the prime factor